{"id":19,"date":"2019-07-29T08:37:32","date_gmt":"2019-07-29T08:37:32","guid":{"rendered":"https:\/\/ngif.de\/?page_id=19"},"modified":"2019-08-03T15:48:55","modified_gmt":"2019-08-03T15:48:55","slug":"root","status":"publish","type":"page","link":"https:\/\/ngif.de\/","title":{"rendered":"Root"},"content":{"rendered":"\n<p>Hallo Welt, <\/p>\n\n\n\n<p>ich versuche hier mal ein paar Projekte online zu stellen, an denen ich in meiner Freizeit arbeite. Wie das ja immer so ist, erstellt man eine Seite und dabei bleibt es meistens. Ich hoffe, bei diesem Versuch l\u00e4uft es anders. Ich denke es kann nicht schaden abseits von den sozialen Netzwerken eine eigene Plattform zu haben, auf der man einfach n\u00fctzliche oder auch unn\u00fctze Dinge \u00f6ffentlich online stellen kann.<\/p>\n\n\n\n<p>Hier soll es eigentlich haupts\u00e4chlich um Informatik gehen, in meinem Fall vermutlich \u00fcberwiegend um Programmierung. Ich habe schon in diversen Sprachen programmiert und kann im Moment gar nicht sagen, mit welcher ich am vertrautesten bin. Ich denke es ist immer noch C#, obwohl ich in letzter Zeit beruflich \u00fcberwiegend in PHP und JavaScript entwickelt habe. Als Programmierer ist man ja (zum Gl\u00fcck) dazu gezwungen sich st\u00e4ndig fortzubilden und lernt in vielen Bereichen etwas Neues. Ich werde versuchen hier auch ein paar Erfahrungen zu posten und Probleml\u00f6sungen, an denen ich l\u00e4nger gegr\u00fcbelt habe zu dokumentieren.<\/p>\n\n\n\n<p>Viel Spa\u00df und bei Fragen einfach einen Kommentar posten. \ud83d\ude09 <\/p>\n\n\n\n<p><\/p>\n","protected":false},"excerpt":{"rendered":"<p>Hallo Welt, ich versuche hier mal ein paar Projekte online zu stellen, an denen ich in meiner Freizeit arbeite. Wie das ja immer so ist, erstellt man eine Seite und dabei bleibt es meistens. Ich hoffe, bei diesem Versuch l\u00e4uft es anders. Ich denke es kann nicht schaden abseits von den sozialen Netzwerken eine eigene [&hellip;]<\/p>\n","protected":false},"author":1,"featured_media":0,"parent":0,"menu_order":0,"comment_status":"closed","ping_status":"closed","template":"","meta":{"footnotes":""},"class_list":["post-19","page","type-page","status-publish","hentry"],"_links":{"self":[{"href":"https:\/\/ngif.de\/index.php?rest_route=\/wp\/v2\/pages\/19","targetHints":{"allow":["GET"]}}],"collection":[{"href":"https:\/\/ngif.de\/index.php?rest_route=\/wp\/v2\/pages"}],"about":[{"href":"https:\/\/ngif.de\/index.php?rest_route=\/wp\/v2\/types\/page"}],"author":[{"embeddable":true,"href":"https:\/\/ngif.de\/index.php?rest_route=\/wp\/v2\/users\/1"}],"replies":[{"embeddable":true,"href":"https:\/\/ngif.de\/index.php?rest_route=%2Fwp%2Fv2%2Fcomments&post=19"}],"version-history":[{"count":5,"href":"https:\/\/ngif.de\/index.php?rest_route=\/wp\/v2\/pages\/19\/revisions"}],"predecessor-version":[{"id":54,"href":"https:\/\/ngif.de\/index.php?rest_route=\/wp\/v2\/pages\/19\/revisions\/54"}],"wp:attachment":[{"href":"https:\/\/ngif.de\/index.php?rest_route=%2Fwp%2Fv2%2Fmedia&parent=19"}],"curies":[{"name":"wp","href":"https:\/\/api.w.org\/{rel}","templated":true}]}}